 q(f). Calculate k(1).
-4
Let i(m) = -2*m - 4*m + 3 + 5*m. Suppose x = 3*p - 2 + 14, x - p - 4 = 0. Let o be x/((-2)/(-3 + 5)). Give i(o).
3
Suppose -5*o + 4*m - 75 = 0, 57 = -4*o + 2*m + 3. Let d(w) = w**2 + 7*w - 16. Determine d(o).
28
Suppose h + 32 = 3*h. Suppose 5*w - 4 = h. Let y(c) be the second derivative of c**3/6 - 3*c**2/2 - 23*c - 2. Determine y(w).
1
Let p(t) = 6*t**3 - 8 - t**3 - 3*t**3 + 6*t**2 - t - 3*t**3 + 9*t. Determine p(7).
-1
Let m(j) be the first derivative of j**5/120 - j**4/24 - 40*j**3/3 - 7. Let g(t) be the third derivative of m(t). What is g(10)?
9
Let u(y) be the second derivative of 5/24*y**4 + 1/60*y**5 + 0 - 4*y - 1/6*y**3 + 1/2*y**2. Let w(g) be the first derivative of u(g). Give w(-5).
-1
Let x(d) = -5*d**3 + d**2 - 7*d + 3. Let h(u) = 6*u**3 - 2*u**2 + 8*u - 4. Let r(w) = 4*h(w) + 5*x(w). Let c be (-32)/12 + (-2)/(-3) - 0. Determine r(c).
1
Let y(w) = -98*w**2 + 48*w**2 + 48*w**2 - 1 + 13*w - 2*w. What is y(6)?
-7
Let c(o) = -4*o - 31 + 11*o + 67 - 36. Determine c(2).
14
Let a(x) = -x + 10. Let f be (-1)/(-1)*9/(63/28). Let q(j) = j - 10. Let i(t) = f*q(t) + 5*a(t). What is i(5)?
5
Let u(o) = o**2 - 6*o - 2. Let q be ((-12)/(-4))/((-155)/(-35) - 4). Calculate u(q).
5
Let o be 1/2 + ((-1755)/(-18))/(-13). Let p(j) = -j**3 - 7*j**2 - 3*j - 10. Give p(o).
11
Let o(w) = 5*w**3 - w**2. Let n = 39 - 35. Suppose -12*s = -8*s - n. Calculate o(s).
4
Let w(i) = 5*i**2 + 22*i + 1. Let q(m) = -6*m**2 - 25*m - 4. Let d(o) = 4*q(o) + 5*w(o). Give d(-11).
0
Let c(h) be the second derivative of h**3/6 + h**2/2 - 9*h - 41. What is c(-4)?
-3
Let g(d) = -6 + 7*d + 8*d - 12*d + 5*d**2 - 6*d**2. What is g(4)?
-10
Let z(i) = -1 + 5*i + i**2 + 2*i + 2*i. Suppose -4*a = 21*a - 11*a + 126. Determine z(a).
-1
Let s(i) = -4*i**2 + 6*i + 5. Let o(h) = 5*h**2 - 7*h - 6. Suppose 0 = t + 4*n - 7, -2*t + t - 3*n = -6. Let c(f) = t*o(f) + 4*s(f). Calculate c(4).
-2
Let h(x) = x**2 + 8*x + 7. Let n(c) = c**3 + 20*c**2 + 64*c - 3. Let z be n(-16). Give h(z).
-8
Let h(i) = -3*i**2 - i**3 + 2*i**3 + i + 0*i**3. Determine h(3).
3
Let o(s) = -s**2 - 8*s - 8. Let i be o(-5). Let a(m) = 12*m**3 - 1 + i*m**3 - 8*m**3 - 2*m. Calculate a(-1).
-10
Let a(n) = n**2 + 16*n + 13. Let u be a(-15). Let y(p) be the second derivative of p**4/4 + p**3/3 + p**2/2 + 2*p. What is y(u)?
9
Suppose k + 6*k = 21. Let f(r) = 14*r**2 - r**3 - 2 + 0*r**3 - k*r - 17*r**2. Calculate f(-3).
7
Let c(a) be the third derivative of 2*a**5/15 + a**4/24 - a**3/6 - 4*a**2. Suppose 2*z - 3*z = 1. Let i be 2/z + 3/1. Give c(i).
8
Let p(t) = t**3 - 6*t**2 - 16*t + 10. Let z = 1660 + -1652. What is p(z)?
10
Let l be 8/3*3 + 1. Suppose -f - 3*b + 0*b = -l, 4*f = -5*b + 29. Let n(i) = -i**2 + 6*i - 3. What is n(f)?
-3
Let g(r) = -r - 9. Let l = -11 + 8. Suppose -10*c + 7*c = -21. Let w be 21*(c/l - -2). Calculate g(w).
-2
Let f = 157 - -6. Let u(s) = f - 163 + 4*s. Give u(-3).
-12
Let a(l) = -l**3 + 18*l**2 + 51*l + 255. Let i be a(21). Let x(j) = 1 + j**3 + 2 + 3*j - 2*j - 4*j**2. Determine x(i).
-3
Let b(x) = -9*x - 2. Let o = 217 - 219. Give b(o).
16
Let g(y) = -5*y**2 - 4*y + 4. Let b(t) = -9*t**2 - 7*t + 8. Let k(f) = 6*b(f) - 11*g(f). What is k(0)?
4
Let o(a) = -13*a**2 - 23*a - 8. Let f(b) = -6*b**2 - 11*b - 4. Let q(k) = 9*f(k) - 4*o(k). Determine q(-6).
-34
Let q(p) = 3*p - 1. Let n(v) = -7*v + 3. Let g(i) = 2*n(i) + 7*q(i). Determine g(1).
6
Let o(d) = -47*d - 34*d - 7 + 72*d. Give o(-4).
29
Suppose l = -4*b - 30, -3*b - 28 = 3*l - 5*l. Let f(n) = -2*n**2 - 12*n + 10. Determine f(b).
-22
Let x(i) = -i + 10. Let b(a) = 10. Let z(o) = -3*b(o) + 2*x(o). Give z(-9).
8
Let o be (-1 - 9)*6/4. Let l = 10 + o. Let f(z) = 46*z - 5 + 48*z + z**2 - 89*z. Calculate f(l).
-5
Let b(c) = -6*c**2 + 0*c**2 - 1 - 10 - 7*c + 7*c**2. Give b(9).
7
Let n(y) = 6 + 2*y**2 - 11*y + 0*y**2 + 6*y - y. Let p = 837 + -834. Calculate n(p).
6
Let b(f) = 2*f**2 + 4*f - 1. Suppose -100 = 21*s - 16. Calculate b(s).
15
Let r(j) be the third derivative of 0*j + 1/120*j**6 - 7*j**2 - 1/3*j**4 + 7/60*j**5 + 0 - j**3. Let w be 1*2/(-3)*12. Give r(w).
-6
Suppose -c - t = 3*c + 24, -3*t = 5*c + 37. Let g(s) = -s - 1. What is g(c)?
4
Let h be (121/11)/11*5. Let u(g) = -2*g**2 + 13*g + 6. Let a(t) = 2*t**2 - 12*t - 5. Let l(s) = -6*a(s) - 5*u(s). What is l(h)?
-15
Let b(h) = -h + 13. Suppose 7*f + 4*f = 33. Let x be f - (-2 - 2 - 0). Give b(x).
6
Suppose 11 = -2*t - w, 0 = 7*t - 5*t + 5*w + 23. Let v(z) = z**2 + 6*z - 6. Give v(t).
-14
Suppose -a = 3*w - 7, 16 = 5*a - 3*w - 1. Suppose 12*c = a*c - 24. Let x(z) = -z**3 - 4*z**2 - 3*z + 2. What is x(c)?
2
Suppose -4*l - 5 = 5*q, -2*q - 10 + 5 = l. Let j(h) be the third derivative of 0*h + 1/30*h**l - 1/2*h**3 + 1/12*h**4 + 0 - h**2. Give j(2).
9
Let c(p) = p**3 + 2*p**2 + p + 7. Suppose -6*l = 11*l + 51. Calculate c(l).
-5
Let s be -1 + 2/(6/9). Suppose -5*j = -s*v + 29, 5*v - 30 = 5*j - j. Let z(l) = -l**v + 1 + 0 + 1. Determine z(-3).
-7
Let p(s) be the first derivative of -s**4/12 - s**3 + 3*s**2/2 - 7*s - 11. Let h(b) be the first derivative of p(b). What is h(-5)?
8
Suppose 2*r + 18 = -5*f, 0 = 3*r + r + f + 18. Let h be r/(-1) + (-8)/(-4). Let g(k) = 7 + 0*k**3 + k**2 + 6*k**2 - k**3 - 4*k - 4*k. Determine g(h).
-5
Let w(u) = 11*u**2 + 5*u - 6. Let h(t) = -2*t**2 + 1. Let f(j) = -6*h(j) - w(j). What is f(5)?
0
Let k(w) be the second derivative of -w**4/12 - 7*w**3/6 - 3*w**2/2 - 158*w. What is k(-5)?
7
Let n(o) = o**3 + 5*o**2 - 7*o - 6. Let c(p) = 2*p**3 + 11*p**2 - 15*p - 14. Let d(t) = -2*c(t) + 5*n(t). Determine d(-5).
-27
Let g(w) = -w**3 - 8*w**2 - 7*w - 3. Suppose 0 = -3*i - 18 - 3. Let y(z) = -z**3 + 4*z + 602*z**2 - 609*z**2 + 7 - 2*z. Let o be y(i). Give g(o).
-3
Let l(q) be the first derivative of q**2 - 9*q + 3. Let p(m) = m**2 - 1. Let z be p(-2). Let u be (z - -9)*(-1)/(-2). Calculate l(u).
3
Let w(u) be the first derivative of 0*u - 2/3*u**3 + 12 - 1/2*u**2. What is w(2)?
-10
Let u(n) be the third derivative of n**5/20 + n**4/4 - n**3/2 - 354*n**2. Give u(-5).
42
Suppose -p = -4*a + 27, 3*p + 39 = 5*a - 0*p. Let n(f) be the third derivative of -2*f**2 + 0*f + 0 + 2/3*f**3 + 5/24*f**4 - 1/60*f**5. What is n(a)?
-2
Let h(m) be the second derivative of -m**5/20 + 7*m**4/12 - m**3 - 5*m**2/2 - 16*m + 2. What is h(6)?
-5
Let w(c) = 17 + 147*c - c**2 + 9 - 80*c - 70*c. What is w(-6)?
8
Suppose 42 = 2*k + 4*k. Suppose 0 = s + 12 - k. Let u(n) = -n**3 - 4*n**2 + 7*n + 3. Give u(s).
-7
Let g = 2628 - 2628. Let x(z) = 3*z + z - 3*z + z**2 + 13. Determine x(g).
13
Let o(v) be the first derivative of -v**6/360 - v**5/12 + 5*v**4/24 + 11*v**3/3 - v + 42. Let a(r) be the third derivative of o(r). Give a(-9).
14
Let r(p) be the first derivative of -9*p**2/2 + 3*p + 3118. Let z(f) = -f + 7. Let w = -6 + 11. Let c be z(w). Give r(c).
-15
Let j(p) be the third derivative of -p**5/60 + p**4/8 - 2*p**3/3 - 6*p**2. Let m(r) = r**3 + 4*r**2 + 4*r + 8. Let z be m(-3). What is j(z)?
-14
Let k(l) = 13*l + 1. Let b be k(1). Let u(o) = o**3 - 14*o**2 - o + 16. Let s be u(b). Let i(n) = -13*n + 1. Calculate i(s).
-25
Suppose 12 = 2*k + d + 4, -4*k = -3*d - 26. Suppose -11 = -k*u - 1. Let w(q) = -12*q**u + 11*q**2 - 2*q - 3*q. Calculate w(-4).
4
Let c(g) = g + 1. Let q(o) be the third derivative of 0 - 1/6*o**3 - 4*o**2 + 0*o. Let t(z) = -3*c(z) - 6*q(z). Give t(5).
-12
Let f(h) = -h**2 - h + 5. Let d(n) be the first derivative of n**4/4 - 7*n**3/3 + 3*n + 3. Let z be d(7). Let l be z + 1/((-2)/14). Determine f(l).
-7
Let x(l) = -2*l**3 - l**2 - 6*l + 6. Let j(s) = -3*s**3 - 7*s + 6. Let k(v) = 3*j(v) - 4*x(v). Let f = -2794 + 2798. Determine k(f).
6
Let x(i) be the first derivative of i**5/20 - 5*i**4/12 + 2*i**3/3 - i**2/2 - 2*i + 12. Let z(j) be the first derivative of x(j). Determine z(3).
-7
Let h be 2/3 + (-17)/3. Suppose 0 = 6*q - 3*q - 15. Let b(t) = -t**2 + 0*t**2 - q*t + 0*t**2 - 1. Give b(h).
-1
Let n(t) = t**2 + 8*t + 2. Let r be n(-8). Let p(f) = 3 + 3 - 5 - f**r + 2*f. Let j = 375 + -376. What is p(j)?
-2
Let c(w) = -w**2 - w + 5. Suppose 20 = -4*o, o + 19 + 2 = 4*g. Suppose 0 = 5*m + g*v + 12, -m = v + 2. Calculate c(m).
-7
Suppose -10 = -2*w, 3*q + 1 = -5*w + 41. Let b(l) = -1 - l**2 - 4 - 2*l + 1 - l. Let r(j) = -1. Let m(u) = q*r(u) - b(u). Calculate m(-5).